{"id":2939,"date":"2024-03-26T13:03:01","date_gmt":"2024-03-26T10:03:01","guid":{"rendered":"https:\/\/memursenavantaj.com.tr\/?page_id=2939"},"modified":"2024-03-30T19:35:16","modified_gmt":"2024-03-30T16:35:16","slug":"kayit-ol","status":"publish","type":"page","link":"https:\/\/memursenavantaj.com.tr\/?page_id=2939","title":{"rendered":"Kay\u0131t Ol"},"content":{"rendered":"\t\t<div data-elementor-type=\"wp-page\" data-elementor-id=\"2939\" class=\"elementor elementor-2939\">\n\t\t\t\t\t\t\t<div class=\"elementor-element elementor-element-fc2fdf9 e-flex e-con-boxed wpr-particle-no wpr-jarallax-no wpr-parallax-no wpr-sticky-section-no e-con e-parent\" data-id=\"fc2fdf9\" data-element_type=\"container\" data-settings=\"{&quot;content_width&quot;:&quot;boxed&quot;}\" data-core-v316-plus=\"true\">\n\t\t\t\t\t<div class=\"e-con-inner\">\n\t\t\t\t<div class=\"elementor-element elementor-element-53e23c9 elementor-widget elementor-widget-heading\" data-id=\"53e23c9\" data-element_type=\"widget\" data-widget_type=\"heading.default\">\n\t\t\t\t<div class=\"elementor-widget-container\">\n\t\t\t<style>\/*! elementor - v3.18.0 - 20-12-2023 *\/\n.elementor-heading-title{padding:0;margin:0;line-height:1}.elementor-widget-heading .elementor-heading-title[class*=elementor-size-]>a{color:inherit;font-size:inherit;line-height:inherit}.elementor-widget-heading .elementor-heading-title.elementor-size-small{font-size:15px}.elementor-widget-heading .elementor-heading-title.elementor-size-medium{font-size:19px}.elementor-widget-heading .elementor-heading-title.elementor-size-large{font-size:29px}.elementor-widget-heading .elementor-heading-title.elementor-size-xl{font-size:39px}.elementor-widget-heading .elementor-heading-title.elementor-size-xxl{font-size:59px}<\/style><h4 class=\"elementor-heading-title elementor-size-default\">Memur-Sen  Avantaj Kampanyalar\u0131ndan faydalanmak i\u00e7in kay\u0131t olman\u0131z gerekmektedir<\/h4>\t\t<\/div>\n\t\t\t\t<\/div>\n\t\t\t\t<div class=\"elementor-element elementor-element-1cf3611 elementor-widget elementor-widget-spacer\" data-id=\"1cf3611\" data-element_type=\"widget\" data-widget_type=\"spacer.default\">\n\t\t\t\t<div class=\"elementor-widget-container\">\n\t\t\t<style>\/*! elementor - v3.18.0 - 20-12-2023 *\/\n.elementor-column .elementor-spacer-inner{height:var(--spacer-size)}.e-con{--container-widget-width:100%}.e-con-inner>.elementor-widget-spacer,.e-con>.elementor-widget-spacer{width:var(--container-widget-width,var(--spacer-size));--align-self:var(--container-widget-align-self,initial);--flex-shrink:0}.e-con-inner>.elementor-widget-spacer>.elementor-widget-container,.e-con>.elementor-widget-spacer>.elementor-widget-container{height:100%;width:100%}.e-con-inner>.elementor-widget-spacer>.elementor-widget-container>.elementor-spacer,.e-con>.elementor-widget-spacer>.elementor-widget-container>.elementor-spacer{height:100%}.e-con-inner>.elementor-widget-spacer>.elementor-widget-container>.elementor-spacer>.elementor-spacer-inner,.e-con>.elementor-widget-spacer>.elementor-widget-container>.elementor-spacer>.elementor-spacer-inner{height:var(--container-widget-height,var(--spacer-size))}.e-con-inner>.elementor-widget-spacer.elementor-widget-empty,.e-con>.elementor-widget-spacer.elementor-widget-empty{position:relative;min-height:22px;min-width:22px}.e-con-inner>.elementor-widget-spacer.elementor-widget-empty .elementor-widget-empty-icon,.e-con>.elementor-widget-spacer.elementor-widget-empty .elementor-widget-empty-icon{position:absolute;top:0;bottom:0;left:0;right:0;margin:auto;padding:0;width:22px;height:22px}<\/style>\t\t<div class=\"elementor-spacer\">\n\t\t\t<div class=\"elementor-spacer-inner\"><\/div>\n\t\t<\/div>\n\t\t\t\t<\/div>\n\t\t\t\t<\/div>\n\t\t\t\t\t<\/div>\n\t\t\t\t<\/div>\n\t\t<div class=\"elementor-element elementor-element-7674cf08 e-flex e-con-boxed wpr-particle-no wpr-jarallax-no wpr-parallax-no wpr-sticky-section-no e-con e-parent\" data-id=\"7674cf08\" data-element_type=\"container\" data-settings=\"{&quot;content_width&quot;:&quot;boxed&quot;}\" data-core-v316-plus=\"true\">\n\t\t\t\t\t<div class=\"e-con-inner\">\n\t\t\t\t<div class=\"elementor-element elementor-element-9eca03b elementor-widget elementor-widget-shortcode\" data-id=\"9eca03b\" data-element_type=\"widget\" data-widget_type=\"shortcode.default\">\n\t\t\t\t<div class=\"elementor-widget-container\">\n\t\t\t\t\t<div class=\"elementor-shortcode\"><div class='fluentform ff-default fluentform_wrapper_10 ffs_custom_wrap'><form data-form_id=\"10\" id=\"fluentform_10\" class=\"frm-fluent-form fluent_form_10 ff-el-form-top ff_form_instance_10_1 ff-form-loading ffs_custom\" data-form_instance=\"ff_form_instance_10_1\" method=\"POST\" ><fieldset  style=\"border: none!important;margin: 0!important;padding: 0!important;background-color: transparent!important;box-shadow: none!important;outline: none!important; min-inline-size: 100%;\">\n                    <legend class=\"ff_screen_reader_title\" style=\"display: block; margin: 0!important;padding: 0!important;height: 0!important;text-indent: -999999px;width: 0!important;overflow:hidden;\">Kay\u0131t Ol<\/legend><input type='hidden' name='__fluent_form_embded_post_id' value='2939' \/><input type=\"hidden\" id=\"_fluentform_10_fluentformnonce\" name=\"_fluentform_10_fluentformnonce\" value=\"26ef490dcc\" \/><input type=\"hidden\" name=\"_wp_http_referer\" value=\"\/index.php?rest_route=%2Fwp%2Fv2%2Fpages%2F2939\" \/><div data-type=\"name-element\" data-name=\"names\" class=\" ff-field_container ff-name-field-wrapper\" ><div class='ff-t-container'><div class='ff-t-cell '><div class='ff-el-group  ff-el-form-top'><div class=\"ff-el-input--label ff-el-is-required asterisk-right\"><label for='ff_10_names_first_name_' aria-label=\"Ad\u0131n\u0131z\">Ad\u0131n\u0131z<\/label><\/div><div class='ff-el-input--content'><input type=\"text\" name=\"names[first_name]\" id=\"ff_10_names_first_name_\" class=\"ff-el-form-control\" aria-invalid=\"false\" aria-required=true><\/div><\/div><\/div><div class='ff-t-cell '><div class='ff-el-group  ff-el-form-top'><div class=\"ff-el-input--label ff-el-is-required asterisk-right\"><label for='ff_10_names_last_name_' aria-label=\"Soyad\u0131n\u0131z\">Soyad\u0131n\u0131z<\/label><\/div><div class='ff-el-input--content'><input type=\"text\" name=\"names[last_name]\" id=\"ff_10_names_last_name_\" class=\"ff-el-form-control\" aria-invalid=\"false\" aria-required=true><\/div><\/div><\/div><\/div><\/div><div class='ff-el-group'><div class=\"ff-el-input--label ff-el-is-required asterisk-right\"><label for='ff_10_phone' aria-label=\"Telefon Numaran\u0131z\">Telefon Numaran\u0131z<\/label><\/div><div class='ff-el-input--content'><input name=\"phone\" class=\"ff-el-form-control ff-el-phone ff_el_with_extended_validation\" type=\"tel\" data-name=\"phone\" id=\"ff_10_phone\" inputmode=\"tel\"  aria-invalid='false' aria-required=true><\/div><\/div><div class='ff-el-group'><div class=\"ff-el-input--label ff-el-is-required asterisk-right\"><label for='ff_10_email' aria-label=\"E-Posta Adresiniz\">E-Posta Adresiniz<\/label><\/div><div class='ff-el-input--content'><input type=\"email\" name=\"email\" id=\"ff_10_email\" class=\"ff-el-form-control\" data-name=\"email\"  aria-invalid=\"false\" aria-required=true><\/div><\/div><div class='ff-el-group'><div class=\"ff-el-input--label asterisk-right\"><label for='ff_10_dropdown' aria-label=\"Sendika Se\u00e7iniz\">Sendika Se\u00e7iniz<\/label><\/div><div class='ff-el-input--content'><select name=\"dropdown\" id=\"ff_10_dropdown\" class=\"ff-el-form-control\" data-name=\"dropdown\" data-calc_value=\"0\"  aria-invalid=\"false\" aria-required=false><option value=\"\">- Se\u00e7iniz -<\/option><option value=\"E\u011e\u0130T\u0130M-B\u0130R-SEN\"  >E\u011e\u0130T\u0130M-B\u0130R-SEN<\/option><option value=\"SA\u011eLIK-SEN\"  >SA\u011eLIK-SEN<\/option><option value=\"D\u0130YANET-SEN\"  >D\u0130YANET-SEN<\/option><option value=\"B\u00dcRO MEMUR-SEN\"  >B\u00dcRO MEMUR-SEN<\/option><option value=\"BEM-B\u0130R-SEN\"  >BEM-B\u0130R-SEN<\/option><option value=\"TO\u00c7 B\u0130R-SEN\"  >TO\u00c7 B\u0130R-SEN<\/option><option value=\"BAYINDIR MEMUR-SEN\"  >BAYINDIR MEMUR-SEN<\/option><option value=\"ENERJ\u0130 B\u0130R-SEN\"  >ENERJ\u0130 B\u0130R-SEN<\/option><option value=\"B\u0130RL\u0130K HABER-SEN\"  >B\u0130RL\u0130K HABER-SEN<\/option><option value=\"ULA\u015eTIRMA MEMUR-SEN\"  >ULA\u015eTIRMA MEMUR-SEN<\/option><option value=\"K\u00dcLT\u00dcR MEMUR-SEN\"  >K\u00dcLT\u00dcR MEMUR-SEN<\/option><\/select><\/div><\/div><div class='ff-el-group'><div class=\"ff-el-input--label ff-el-is-required asterisk-right\"><label for='ff_10_password' aria-label=\"Parolan\u0131z\">Parolan\u0131z<\/label><\/div><div class='ff-el-input--content'><input type=\"password\" name=\"password\" id=\"ff_10_password\" class=\"ff-el-form-control\" data-name=\"password\"  aria-invalid=\"false\" aria-required=true><\/div><\/div><div class='ff-el-group ff-text-center ff_submit_btn_wrapper ff_submit_btn_wrapper_custom'><button class=\"ff-btn ff-btn-submit ff-btn-md ff_btn_style\" type=\"submit\" name=\"custom_submit_button-10_1\" data-name=\"custom_submit_button-10_1\" >Kayd\u0131 Tamamla<\/button><style>form.fluent_form_10 .ff-btn-submit { background-color: #1a7efb; color: #ffffff; }<\/style><\/div><\/fieldset><\/form><div id='fluentform_10_errors' class='ff-errors-in-stack ff_form_instance_10_1 ff-form-loading_errors ff_form_instance_10_1_errors'><\/div><\/div>        <script type=\"text\/javascript\">\n            window.fluent_form_ff_form_instance_10_1 = {\"id\":\"10\",\"settings\":{\"layout\":{\"labelPlacement\":\"top\",\"helpMessagePlacement\":\"with_label\",\"errorMessagePlacement\":\"inline\"},\"restrictions\":{\"denyEmptySubmission\":{\"enabled\":false}}},\"form_instance\":\"ff_form_instance_10_1\",\"form_id_selector\":\"fluentform_10\",\"rules\":{\"names[first_name]\":{\"required\":{\"value\":true,\"message\":\"Bu alan gereklidir.\",\"global_message\":\"Bu alan gereklidir.\",\"global\":true}},\"names[middle_name]\":{\"required\":{\"value\":false,\"message\":\"Bu alan gereklidir.\",\"global_message\":\"Bu alan gereklidir.\",\"global\":true}},\"names[last_name]\":{\"required\":{\"value\":true,\"message\":\"Bu alan gereklidir.\",\"global_message\":\"Bu alan gereklidir.\",\"global\":true}},\"phone\":{\"required\":{\"value\":true,\"message\":\"Bu alan zorunludur\",\"global\":false,\"global_message\":\"Bu alan gereklidir.\"},\"valid_phone_number\":{\"value\":true,\"message\":\"Girdi\\u011finiz telefon numaras\\u0131 ge\\u00e7ersizdir.\",\"global\":false,\"global_message\":\"\"}},\"email\":{\"required\":{\"value\":true,\"message\":\"Bu alan gereklidir.\",\"global_message\":\"Bu alan gereklidir.\",\"global\":true},\"email\":{\"value\":true,\"message\":\"Bu alan ge\\u00e7erli bir e-posta i\\u00e7ermelidir.\",\"global_message\":\"Bu alan ge\\u00e7erli bir e-posta i\\u00e7ermelidir.\",\"global\":true}},\"dropdown\":{\"required\":{\"value\":false,\"message\":\"Bu alan gereklidir.\",\"global_message\":\"Bu alan gereklidir.\",\"global\":true}},\"password\":{\"required\":{\"value\":true,\"message\":\"Bu alan gereklidir.\",\"global_message\":\"Bu alan gereklidir.\",\"global\":true}}}};\n                    <\/script>\n        <\/div>\n\t\t\t\t<\/div>\n\t\t\t\t<\/div>\n\t\t\t\t<div class=\"elementor-element elementor-element-eaf8675 elementor-align-center elementor-widget elementor-widget-button\" data-id=\"eaf8675\" data-element_type=\"widget\" data-widget_type=\"button.default\">\n\t\t\t\t<div class=\"elementor-widget-container\">\n\t\t\t\t\t<div class=\"elementor-button-wrapper\">\n\t\t\t<a class=\"elementor-button elementor-button-link elementor-size-sm\" href=\"https:\/\/memursenavantaj.com.tr\/?page_id=2940\">\n\t\t\t\t\t\t<span class=\"elementor-button-content-wrapper\">\n\t\t\t\t\t\t<span class=\"elementor-button-text\">Zaten \u00dcye misiniz? Giri\u015f Yap\u0131n<\/span>\n\t\t<\/span>\n\t\t\t\t\t<\/a>\n\t\t<\/div>\n\t\t\t\t<\/div>\n\t\t\t\t<\/div>\n\t\t\t\t\t<\/div>\n\t\t\t\t<\/div>\n\t\t\t\t\t\t\t<\/div>\n\t\t","protected":false},"excerpt":{"rendered":"<p>Memur-Sen Avantaj Kampanyalar\u0131ndan faydalanmak i\u00e7in kay\u0131t olman\u0131z gerekmektedir Zaten \u00dcye misiniz? Giri\u015f Yap\u0131n<\/p>\n","protected":false},"author":1,"featured_media":0,"parent":0,"menu_order":0,"comment_status":"closed","ping_status":"closed","template":"","meta":{"footnotes":""},"class_list":["post-2939","page","type-page","status-publish","hentry"],"_links":{"self":[{"href":"https:\/\/memursenavantaj.com.tr\/index.php?rest_route=\/wp\/v2\/pages\/2939","targetHints":{"allow":["GET"]}}],"collection":[{"href":"https:\/\/memursenavantaj.com.tr\/index.php?rest_route=\/wp\/v2\/pages"}],"about":[{"href":"https:\/\/memursenavantaj.com.tr\/index.php?rest_route=\/wp\/v2\/types\/page"}],"author":[{"embeddable":true,"href":"https:\/\/memursenavantaj.com.tr\/index.php?rest_route=\/wp\/v2\/users\/1"}],"replies":[{"embeddable":true,"href":"https:\/\/memursenavantaj.com.tr\/index.php?rest_route=%2Fwp%2Fv2%2Fcomments&post=2939"}],"version-history":[{"count":24,"href":"https:\/\/memursenavantaj.com.tr\/index.php?rest_route=\/wp\/v2\/pages\/2939\/revisions"}],"predecessor-version":[{"id":3093,"href":"https:\/\/memursenavantaj.com.tr\/index.php?rest_route=\/wp\/v2\/pages\/2939\/revisions\/3093"}],"wp:attachment":[{"href":"https:\/\/memursenavantaj.com.tr\/index.php?rest_route=%2Fwp%2Fv2%2Fmedia&parent=2939"}],"curies":[{"name":"wp","href":"https:\/\/api.w.org\/{rel}","templated":true}]}}